{"id":213,"date":"2025-12-22T17:13:55","date_gmt":"2025-12-22T17:13:55","guid":{"rendered":"https:\/\/erjavaris.com\/?page_id=213"},"modified":"2026-02-21T07:04:51","modified_gmt":"2026-02-21T07:04:51","slug":"vapaaehtoistoiminta-ja-yhteiskunnallinen-vaikuttaminen","status":"publish","type":"page","link":"https:\/\/erjavaris.com\/?page_id=213","title":{"rendered":"Vapaaehtoistoiminta ja yhteiskunnallinen vaikuttaminen"},"content":{"rendered":"\n<div class=\"wp-block-columns is-layout-flex wp-container-core-columns-is-layout-9d6595d7 wp-block-columns-is-layout-flex\">\n<div class=\"wp-block-column is-layout-flow wp-block-column-is-layout-flow\" style=\"flex-basis:15%\"><\/div>\n\n\n\n<div class=\"wp-block-column is-layout-flow wp-block-column-is-layout-flow\" style=\"flex-basis:70%\">\n<div class=\"wp-block-cover\" style=\"min-height:296px;aspect-ratio:unset;\"><img decoding=\"async\" class=\"wp-block-cover__image-background wp-image-9\" alt=\"rukouslippuja vuorilla\" src=\"https:\/\/erjavaris.com\/wp-content\/uploads\/2024\/07\/S1300005-1024x576.jpg\" data-object-fit=\"cover\"\/><span aria-hidden=\"true\" class=\"wp-block-cover__background has-background-dim\"><\/span><div class=\"wp-block-cover__inner-container is-layout-flow wp-block-cover-is-layout-flow\">\n<p class=\"has-text-align-center has-medium-font-size\">VAPAAEHTOISTOIMINTA JA YHTEISKUNNALLINEN VAIKUTTAMINEN<\/p>\n<\/div><\/div>\n\n\n\n<p>Olen ollut pienest\u00e4 ollut kiinnostunut filosofiasta ja el\u00e4m\u00e4n suurista kysymyksist\u00e4. Minua kiehtoo eettisten prinsiippien tuominen k\u00e4yt\u00e4nn\u00f6n el\u00e4m\u00e4\u00e4n, arkeen ja tekoihin. Se on k\u00e4yt\u00e4nn\u00f6n henkisyytt\u00e4. Oikeudenmukaisuus, ymp\u00e4rist\u00f6oikeudenmukaisuus ja ihmisoikeudet ovat minulle t\u00e4rkeit\u00e4 asioita, kuten my\u00f6s ymp\u00e4rist\u00f6kriisin ratkaiseminen ja l\u00e4nsimaisen el\u00e4m\u00e4ntavan ylikulutuksen seurausten kriittinen tarkastelu. Olen ollut aktiivisesti mukana useissa vapaaehtoistoimissa. Tuon t\u00e4ss\u00e4 esille joitain vapaaehtoist\u00f6it\u00e4m joissa olen ollut mukana.<\/p>\n\n\n\n<p>Syksyll\u00e4 2018 ymp\u00e4rist\u00f6j\u00e4rjest\u00f6t olivat huomanneet, ett\u00e4 Suomi ei pysyisi puolentoista asteen l\u00e4mpenemisen tavoitteessaan, mik\u00e4li ilmastokysymyksi\u00e4 ei huomioitaisi paljon enemm\u00e4n kuin silloinen Sipil\u00e4n hallitus teki. J\u00e4rjest\u00f6t aloittivat yhteisen kampanjan, johon liittyi suuri m\u00e4\u00e4r\u00e4 vapaaehtoisia, jotka antoivat toimintaan oman panoksensa. Syntyi kampanja nimelt\u00e4 <a href=\"https:\/\/www.korvaamaton.fi\/\">www.korvaamaton.fi<\/a> Kampanjalla oli yksi palkattu ty\u00f6ntkeij\u00e4, jota me mukana olleet yh\u00e4 muistamme l\u00e4mm\u00f6ll\u00e4. Olin yksi noin kahdestakymmenest\u00e4 supervaikuttajasta, jokin sellainen nimi meille annettiin. J\u00e4rjestimme Suomen suurimmat ilmastomielenosoitukset. Aika oli intoa ja toivoa t\u00e4ynn\u00e4. Media ja poliitikot kuuntelivat ja vuoden 2019 vaaleista tuli ilmastovaalit. Henkil\u00f6kohtaisesti t\u00e4m\u00e4 on miellytt\u00e4vimpi\u00e4 ja mielekk\u00e4impi\u00e4 yhteisty\u00f6kokemuksia, joissa olen saanut olla mukana. Minua toimintaan motivoi erityisesti ajatus el\u00e4m\u00e4n monimuotoisuuden suojelusta. V\u00e4h\u00e4np\u00e4 silloin tiesimme tulevasta covid-19 eristysajasta.<\/p>\n\n\n\n<p>Vuonna 2016 Dalai Laman Lontoon toimiston johtaja otti minuun yhteytt\u00e4 ja pyysi perustamaan Suomeen yhdistyksen, joka tukee Tiibetin asiaa. Syntyneen yhdistyksen nimi on Suomalainen Tiibet -komitea. Tiibet-komitea on j\u00e4rjest\u00e4nnyt Tiibetin pakolaishallituksen maapaossa valittujen, demokraattisella \u00e4\u00e4nestyksell\u00e4 valittujen presidenttien Suomen vierailut sek\u00e4 muita merkitt\u00e4vi\u00e4 vierailuja. Suomessa on vuosien varrella ollut useita Tiibetiin liittyvi\u00e4 yhdistyksi\u00e4. Olen ollut useammassa niist\u00e4 mukana. Vuosina 2009-2011 tein pari vuotta intensiivisesti vapaaehtoisty\u00f6t\u00e4 ennen Dalai Laman 2011 Suomen vierailua. Muistan kuinka puhelimeni soi viimeiset nelj\u00e4, viisi kuukautta aamusta iltaan ihmisten ottaessa yhteytt\u00e4, kun he toivoivat Dalai Laman vierailua tiettyyn paikkaan tai Dalai Laman osallistuvan heid\u00e4n tapahtumaansa Suomessa ollessaan. Toimin my\u00f6s Dalai Laman simultaanitulkkina opetuksissa vuonna 2011 Espoon Barona-areenalla. Koin sen yhten\u00e4 merkitt\u00e4vimmist\u00e4 tulkkaust\u00f6ist\u00e4ni ja suurena kunniana. Tulkkauksesta tuli paljon my\u00f6nteist\u00e4 palautetta viel\u00e4 pitk\u00e4\u00e4n tapahtuman j\u00e4lkeen. Vuoden 2011 Dalai Laman vierailun nettisivua ei valitettavasti en\u00e4\u00e4 ole tallessa. Sivut kertoivat nelj\u00e4ll\u00e4 kielell\u00e4 Dalai Laman viimeisest\u00e4 Suomen viereilusta ja el\u00e4m\u00e4st\u00e4. Olin aikanaan vastuussa nettisivun sis\u00e4lt\u00e4mist\u00e4 teksteist\u00e4 ja tietojen virheett\u00f6myydest\u00e4. Kuitenkin vuonna 2016 Lontoon toimistosta pyydettiin perustamaan kansainv\u00e4lisess\u00e4 yhteisty\u00f6ss\u00e4 toimiva, Dalai Laman eettiset periaatteet hyvin huomioiva yhdistys. Tiibet-komitea yll\u00e4pit\u00e4\u00e4 <a href=\"https:\/\/www.tiibet.fi\/\">www.tiibet.fi<\/a> nettisivua. Olet l\u00e4mpim\u00e4sti tervetullut mukaan toimintaan.<\/p>\n\n\n\n<p>Viimeisin iso toteuttamani projekti oli Dignified period for Himalayan nuns &#8211; projekti, jossa vein viiten syrj\u00e4iseen nunnaluostariin kestositeit\u00e4 ja terveyskasvatusta vuonna 2024. <a href=\"https:\/\/dignified-period-for-nuns-of-himalaya.webnode.fi\/\">https:\/\/dignified-period-for-nuns-of-himalaya.webnode.fi\/<\/a> Tein hankkeen osana sosionomin opintojani. Niinp\u00e4 huolehdin sen suunnitelusta, tiedottamisesta, rahoituksesta ja toteutuksesta sek\u00e4 byrokratiasta. Hankkeen seurauksena syrj\u00e4isiin nunnaluostareihin, joissa maanpaossa asuvat tiibetil\u00e4isnunnat el\u00e4v\u00e4t vietiin 500 kestosidepakettia ja nunnaluostareissa pidettiin terveysluentoja, joissa nunnille kerrottiin kuukautisiin liittyvist\u00e4 asioista, hygienian t\u00e4rkeydest\u00e4. Nunnat saivat opastusta kestositeiden k\u00e4yt\u00f6st\u00e4 ja heill\u00e4 oli mahdollisuus kysell\u00e4 kuukautisterveyteen liittyvi\u00e4 kysymyksi\u00e4. Hanke oli valtavan antoisa minulle; luennoijalle ja toteuttajalle. My\u00f6s nunnat hy\u00f6tyiv\u00e4t paljon. Opinn\u00e4ytety\u00f6ni voi lukea linkist\u00e4 <a href=\"https:\/\/urn.fi\/URN:NBN:fi:amk-202501201703\">Kulttuurisensitiivist\u00e4 feminismi\u00e4: kestosidehanke Himalajan buddhalaisissa nunnaluostareissa<\/a>, jos kiinnostaa tutustua paremmin. L\u00e4hden mielell\u00e4ni toteuttamaan vastaavan kaltaisia hankkeita tulevaisuudessa sopivan yhteisty\u00f6kumppanin kanssa.<\/p>\n\n\n\n<p>Viimeisimpi\u00e4 henkikl\u00f6kohtaisia opintoihin liittyvi\u00e4 ponnistuksiani on CBCT, Congnitive Based Compassion Training -ohjelman Suomeen tuominen, resilienssin, sis\u00e4isen hyvinvoinnin ja hyv\u00e4n tahdon voimistamiseksi ihmisten parissa. El\u00e4mme yh\u00e4 viheli\u00e4isempien ongelmien keskell\u00e4. On t\u00e4rke\u00e4\u00e4 l\u00f6yt\u00e4\u00e4 keinoja palautua ja selviyty\u00e4 jokseenkin hyvinvoivana kaikkien maailmalta vy\u00f6ryvien viheli\u00e4isten uutisten keskell\u00e4. Ajassamme tarvitaan resilienttej\u00e4 yhteis\u00f6j\u00e4, olivat ne sitten pieni\u00e4 yhteis\u00f6j\u00e4, ty\u00f6yhteis\u00f6j\u00e4 . Niiden eteen haluan tehd\u00e4 ty\u00f6t\u00e4.<\/p>\n<\/div>\n\n\n\n<div class=\"wp-block-column is-layout-flow wp-block-column-is-layout-flow\" style=\"flex-basis:15%\"><\/div>\n<\/div>\n","protected":false},"excerpt":{"rendered":"<p>Olen ollut pienest\u00e4 ollut kiinnostunut filosofiasta ja el\u00e4m\u00e4n suurista kysymyksist\u00e4. Minua kiehtoo eettisten prinsiippien tuominen k\u00e4yt\u00e4nn\u00f6n el\u00e4m\u00e4\u00e4n, arkeen ja tekoihin. Se on k\u00e4yt\u00e4nn\u00f6n henkisyytt\u00e4. Oikeudenmukaisuus, ymp\u00e4rist\u00f6oikeudenmukaisuus ja ihmisoikeudet ovat minulle t\u00e4rkeit\u00e4 asioita, kuten my\u00f6s ymp\u00e4rist\u00f6kriisin ratkaiseminen ja l\u00e4nsimaisen el\u00e4m\u00e4ntavan ylikulutuksen seurausten kriittinen tarkastelu. Olen ollut aktiivisesti mukana useissa vapaaehtoistoimissa. Tuon t\u00e4ss\u00e4 esille joitain vapaaehtoist\u00f6it\u00e4m joissa&#8230;<\/p>\n","protected":false},"author":1,"featured_media":0,"parent":0,"menu_order":0,"comment_status":"closed","ping_status":"closed","template":"tyhja","meta":{"_kadence_starter_templates_imported_post":false,"_kad_post_transparent":"","_kad_post_title":"","_kad_post_layout":"","_kad_post_sidebar_id":"","_kad_post_content_style":"","_kad_post_vertical_padding":"","_kad_post_feature":"","_kad_post_feature_position":"","_kad_post_header":false,"_kad_post_footer":false,"footnotes":""},"class_list":["post-213","page","type-page","status-publish","hentry"],"_links":{"self":[{"href":"https:\/\/erjavaris.com\/index.php?rest_route=\/wp\/v2\/pages\/213","targetHints":{"allow":["GET"]}}],"collection":[{"href":"https:\/\/erjavaris.com\/index.php?rest_route=\/wp\/v2\/pages"}],"about":[{"href":"https:\/\/erjavaris.com\/index.php?rest_route=\/wp\/v2\/types\/page"}],"author":[{"embeddable":true,"href":"https:\/\/erjavaris.com\/index.php?rest_route=\/wp\/v2\/users\/1"}],"replies":[{"embeddable":true,"href":"https:\/\/erjavaris.com\/index.php?rest_route=%2Fwp%2Fv2%2Fcomments&post=213"}],"version-history":[{"count":5,"href":"https:\/\/erjavaris.com\/index.php?rest_route=\/wp\/v2\/pages\/213\/revisions"}],"predecessor-version":[{"id":243,"href":"https:\/\/erjavaris.com\/index.php?rest_route=\/wp\/v2\/pages\/213\/revisions\/243"}],"wp:attachment":[{"href":"https:\/\/erjavaris.com\/index.php?rest_route=%2Fwp%2Fv2%2Fmedia&parent=213"}],"curies":[{"name":"wp","href":"https:\/\/api.w.org\/{rel}","templated":true}]}}